 of h(-2)?
2, 3
Let o be (-2)/(-10) + (-8)/40. Suppose -18 = -2*z - 2*a - o*a, 3*z = -5*a + 29. Suppose -3*t + z*t = 55. List the prime factors of t.
11
Suppose 323 = 3*w - 73. List the prime factors of w/11 + (-2)/2.
11
Let p be (-48)/(-9) + (-4)/(-6). Suppose -3*n + 3*m + 18 = 0, n + p*m + 6 = m. Suppose -2*o + n = -3*h, -5 = -3*o - h + 23. List the prime factors of o.
2
Suppose -8*x - 4 + 588 = 0. What are the prime factors of x?
73
Let l(s) = -5*s**3 + 3*s**2 + 2*s - 5. List the prime factors of l(-3).
151
Let z = -66 + 108. Suppose 0 = u - 4*f - 18, 4*u - 14 = u + 2*f. What are the prime factors of z/4 - u/4?
2, 5
Suppose 0 = -4*w + 489 + 131. List the prime factors of w.
5, 31
Let x be (9/27)/(1/24). List the prime factors of (-2 - (-132)/x)*2.
29
Let m(v) = -34*v**3 + v - 2. Let j be m(-2). Suppose 4*u = -0*u + j. Suppose -4*r = 15 - u. List the prime factors of r.
13
Let p = 49 - -62. What are the prime factors of p?
3, 37
Let v = -13 + 21. Let n = v - 6. List the prime factors of n.
2
Let m be (7/(-2))/((-3)/(-6)). Let z(u) = -5*u. List the prime factors of z(m).
5, 7
Let k(w) = -w - 1. Let m(c) = 2*c**2 - c - 8. Let j(z) = -4*k(z) + m(z). Let s be j(-3). Let o = 10 - s. List the prime factors of o.
5
Let b(u) = 5*u - 28. List the prime factors of b(14).
2, 3, 7
What are the prime factors of 6/4*(30 + (2 - -2))?
3, 17
Let p be -3*(-1 + -10 + 2). Let f be (-2 + 5)*(-5)/(-3). Suppose -4*s + p = f*y, 3*y - 6 = 2*s - s. List the prime factors of s.
3
Let g(u) = u**3 + 5*u**2 + 4*u - 2. Let t be g(-4). Let d = t + 4. What are the prime factors of 1/(1 - d) - -7?
2, 3
Suppose 0 = -4*d + n + 97, 4*d + n - 46 - 57 = 0. Suppose -2*x + 3*r + d = 0, 2*x - r = -4 + 31. What are the prime factors of x?
2, 7
Let g(r) = -r**2 + 5. Let j be g(0). List the prime factors of (j/3)/(1/3).
5
Let i = 22 - 6. Suppose -m - 5*g = 2*m - 28, i = 4*m - 4*g. Let r(q) = 2*q + 1. What are the prime factors of r(m)?
13
Let q = 62 + -6. List the prime factors of q.
2, 7
Let v be 7/3 - 4/(-6). Let k(j) = j - 1. List the prime factors of k(v).
2
Let u = -11 - -17. Let m be (3/u)/((-1)/(-28)). Suppose -3*s = -s - m. List the prime factors of s.
7
Let i = 17 + 3. Suppose 0 = -4*q + i + 12. What are the prime factors of q?
2
Let u(g) = g**3 - 5*g**2 + 7*g - 4. Let j be u(4). List the prime factors of j/(-10)*(-14 + -1).
2, 3
Let m(h) = -h - 2. Let w(y) = y**2 - 7*y - 11. Let z be w(8). Let p be m(z). List the prime factors of (p/2)/(3/12).
2
Let a(b) = -b**3 - 16*b**2 - 2*b + 5. What are the prime factors of a(-16)?
37
Let z(k) = -k**3 - 4*k**2 - 3*k - 4. Let m be z(-5). Let o = m - 4. What are the prime factors of o?
2
Let y(w) = -w - 1. List the prime factors of y(-10).
3
Suppose 0 = -4*t + 10*t - 342. What are the prime factors of t?
3, 19
Let q be 2/(-3) - 57/9. Let s(c) = c**2 + 3*c. What are the prime factors of s(q)?
2, 7
Let g(i) = 4*i + 0 - i**2 + 2 + 2. Let r be g(6). Let y = 13 + r. What are the prime factors of y?
5
Suppose 2*s + 7 - 3 = -4*t, -4*s - 5*t - 5 = 0. Suppose 3*n + 18 = -m, 0 = -s*n + 4*n + 16. Let h = m - -12. List the prime factors of h.
2, 3
Let w(j) = -j**2 + j + 6. Let g be w(3). Let q(r) = -r**2 + r + 28. Let v be q(0). What are the prime factors of 1/((g - -2)/v)?
2, 7
Let o = 124 - 84. What are the prime factors of o?
2, 5
Let v be 0/(-4*2/(-4)). Suppose 0 = -0*c + c + 4*g - 20, v = c - g. Suppose 0 = -c*k + k + 6. List the prime factors of k.
2
Let q = -6 + -2. Let x = q - -16. What are the prime factors of x?
2
What are the prime factors of 4/14 + (124/7 - -5)?
23
Let r = 7 - 11. Let h(f) = 0*f**2 + f + 0*f + 5*f**2 + 3 + f**3. What are the prime factors of h(r)?
3, 5
What are the prime factors of (-19)/(-4 + 3) + -2?
17
Let l be (-1)/(72/(-68) + 1). Suppose -t - 2*a + l = -5*a, 0 = -4*t + 3*a + 23. List the prime factors of t.
2
Let y(o) = -o**2 - 10*o - 7. Let j be y(-9). List the prime factors of (10/3)/(j/3).
5
Let i = -18 + 23. Suppose r - 17 = i. List the prime factors of r.
2, 11
Let i(t) = -t**3 + 2*t**2 + 5*t - 4. Let j be i(3). Suppose f - j = -0. Suppose 2*u = -f*b + 12 + 24, 102 = 5*b - u. List the prime factors of b.
2, 5
Suppose -22 = -4*i + n, 0 = 2*i - 3*i + 3*n. Suppose 0 = -z + i*z. Suppose -4*j - 3 + 51 = z. List the prime factors of j.
2, 3
Suppose 0 = 12*z - 10*z - 172. What are the prime factors of z?
2, 43
Let h(w) = 6*w**3 - w - 1. Let b be h(-1). Let v be (-3)/9 - 2/b. Suppose v + 16 = 4*c. What are the prime factors of c?
2
Suppose -2568 = 5*t - 13*t. What are the prime factors of t?
3, 107
Suppose 0 = y + 3*y. Suppose -5*z - 31 = -y*t - t, 2*t - 5*z = 57. List the prime factors of t.
2, 13
Let x(b) = -5*b + 1. Let m be 1/3 - 26/6. Let f be x(m). Suppose 5*h = 111 - f. What are the prime factors of h?
2, 3
Let d = -6 + 2. Suppose p - 7 = 2*p. What are the prime factors of 8/2*p/d?
7
Let i = 1 - -1. Suppose -4*k - 8 = -4*v, -i*v + 0*k + k + 4 = 0. What are the prime factors of v?
2
Suppose -5*v = -3*l - 245, 2*l = -2*v - v + 128. List the prime factors of v.
2, 23
Let m = -11 - 1. Let c = m - -20. What are the prime factors of c?
2
Let h = 27 - 8. Let w = -11 + h. What are the prime factors of w?
2
Let j = -1 - -16. Let i be 1/((-12)/j - -1). Suppose -4*f - i = -5*f. What are the prime factors of f?
5
Suppose 5*n + d + 23 = 0, 10*d - 35 = 5*n + 5*d. Let j = 7 + n. Suppose 51 = -j*x + 5*x. List the prime factors of x.
17
Let w(n) = -n**3 + 10*n**2 + 4*n - 10. Let x be w(7). Suppose -4*k + x = k. List the prime factors of 2/8 - k/(-12).
3
List the prime factors of -10*2/(-8)*16.
2, 5
Suppose 0 = 2*r - 0*r. Let d be ((-9)/(-6) + 2)*6. Suppose 5*o = 3*a - 31 - d, -5*a + 2*o + 55 = r. List the prime factors of a.
3
What are the prime factors of (-4)/(-1) + -5 - -30?
29
Suppose 0*a + 16 = a + x, 0 = -2*a + 2*x + 28. Let z = -10 + a. Suppose 3*g = z*g - 4*s - 10, 0 = -3*g + s + 15. What are the prime factors of g?
5
Let t(c) = -c**3 - 10*c**2 - 9*c + 2. Let q be t(-9). Suppose h - q*h = -1. Suppose 0 = d - h, -w - 4*w + 5*d = -40. What are the prime factors of w?
3
Let r(q) = -q - 10. Let m be r(-10). Suppose -x + 111 = 3*g - m*x, -4*g = x - 147. What are the prime factors of g?
2, 3
Let o be (5/(-2))/(11/(-198)). Let v = o - 22. What are the prime factors of v?
23
Suppose -d = n - 9, -n + 28 = 2*n + 4*d. Suppose n*v = 3*v + 130. What are the prime factors of v?
2, 13
Let v = -4 + -2. Let l(y) = 2*y**2 + 8*y - 3. What are the prime factors of l(v)?
3, 7
Let s = -14 + 20. Suppose -4*r + 10 - 42 = -3*z, -s = -2*z - 5*r. What are the prime factors of (-55)/(-3) - z/(-12)?
19
Let s(m) = m + 10. Let b be s(0). Suppose -10 - 2 = 3*t. Let d = t + b. List the prime factors of d.
2, 3
Let c(h) = h**3 - 7*h**2 + h - 3. Let x be c(7). Let i(d) = d - 4. Let k be i(x). Let b = 6 - k. What are the prime factors of b?
2, 3
Let w = -7 + 31. List the prime factors of w.
2, 3
Let m(k) = 0*k**2 + 6 + k**3 - 2 + 5*k**2. Let l(i) = -i**2 + 2*i - 5. Let v be l(0). List the prime factors of m(v).
2
Let g = 405 - 216. List the prime factors of g.
3, 7
Let w(b) = 20*b**2 + 2*b + 1. What are the prime factors of w(-1)?
19
Let i be (6/4)/(6/(-8)). Let g be 6 + -2 + (-2 - i). Suppose -20 - 16 = -g*m. List the prime factors of m.
3
Let l(a) be the third derivative of -a**5/60 + a**4/3 - a**3 - 2*a**2. Let d be l(5). Suppose 0 = 2*s - 1 - d. List the prime factors of s.
5
Suppose -43*g + 296 = -39*g. What are the prime factors of g?
2, 37
Let x(i) = 3*i**2 - i + 1. Let o be x(4). List the prime factors of o/(0 + 3) + -1.
2, 7
Let b(x) = 67*x**3. List the prime factors of b(1).
67
Let y(t) = -t**3 + t**2 - 1. Let q be y(1). Let x be (-1 + (1 - q))*1. List the prime factors of x + 1 + 1 + 0.
3
Let c = -53 + 156. What are the prime factors of c?
103
Suppose -l = -0*l. Suppose l = -t + 4*t. Suppose 0*d + d = -2*r + 19, 4*d + 4*r - 56 = t. List the prime factors of d.
3
Let t = 0 - -5. Suppose -c = 2*c + 5*d - 28, 0 = 2*c + t*d - 12. List the prime factors of c.
2
Let s = 11 - 7. List the prime factors of (-12)/s - 2*-7.
11
Let h = 44 + -27. Suppose -4*n + o - 5*o + 32 = 0, -3*n + 4*o + h = 0. What are the prime factors of n?
7
Suppose 2*z - 4*u + 2*u - 64 = 0, 3*z - 100 = 5*u. What are the prime factors of z?
2, 3, 5
Suppose -l + 33 = 5*c, -4*l + c 